digit of q(9)?
0
Let b(y) = 3*y**3 + 3*y**2 - 4*y + 4. Let m be b(6). Suppose -1114 = 2*d - 5*d + 4*f, -f = -2*d + m. What is the hundreds digit of d?
3
Let c be (-3)/((-6)/4) + 4. Suppose c*q + 27*q = 6930. What is the hundreds digit of q?
2
Suppose 0 = 67*j - 62*j - 160. Let q(b) = -38 + j + 6*b - 22*b. What is the units digit of q(-14)?
8
Let y = 31 + -29. Suppose 0 = -y*n - 3*f + f + 4, -4*n = -4*f - 24. What is the tens digit of (99/4)/(-1 + 5/n)?
9
Let b be 3 + (-8)/2 + (-1 - -4). Suppose -b*a = -7*a + 115. What is the units digit of a?
3
Let p(q) = 3*q - 7*q**2 + 6*q**2 - 2 + 2*q**2 - 2*q + 7*q**3. Let y be p(1). Suppose y*x - 410 = 2*x. What is the tens digit of x?
8
Let m be 4/18 + 96/54. Suppose f - m*p - 22 - 10 = 0, -3*p - 103 = -4*f. What is the units digit of f?
2
Suppose -15*j + 294 + 3906 = 0. Let h = j + 177. What is the units digit of h?
7
Suppose -4*n + 0 = -d - 3, 5*n - d = 3. Let p(t) = -5 - 1 + 16*t + n - 15. What is the units digit of p(7)?
1
Suppose -2*n + n + 25 = -5*z, -24 = -4*n + z. Suppose 6*g - n = 1. What is the units digit of (-1)/(1/((-1)/g))?
1
Let i(l) = 41*l**2 - 237*l - 78. What is the units digit of i(29)?
0
Suppose 0 = 5*i + 311 - 14369 - 20527. What is the units digit of i?
7
Let w(v) = -78*v + 89. Let r(x) = -157*x + 176. Let o(g) = -3*r(g) + 5*w(g). What is the units digit of o(8)?
5
Let y be 4 + 183/6*-106*-2. Suppose 17*h - y = -367. What is the tens digit of h?
5
Let o(a) = 5*a + 94. Let h be o(-16). Suppose -h*w + 2757 = -2605. What is the tens digit of w?
8
Let c(j) = 2*j**2 + 3*j - 5. Let q be c(2). What is the units digit of (-30)/135 + 2927/q?
5
Let j(s) = 79*s**2 - 393*s - 382. What is the thousands digit of j(36)?
7
Let s(i) = -i**3 + 26*i**2 + i - 17. Suppose 52*t = 45*t + 175. What is the units digit of s(t)?
3
Let b(l) be the first derivative of 5/2*l**2 + 8 + 3*l**3 + 1/4*l**4 - 16*l. What is the units digit of b(-7)?
7
Let f = -38 + 21. Suppose 2 = 38*o - 40*o. Let u = o - f. What is the tens digit of u?
1
Let r = -230 - -245. What is the units digit of (-30)/75 - (-3006)/r?
0
Let d = -7401 + 20083. What is the ten thousands digit of d?
1
Let i(o) = 4734*o**3 + 2*o**2 - 8*o + 17. What is the units digit of i(2)?
1
Let k(b) = 18*b**2 + 1748*b + 115. What is the tens digit of k(-99)?
8
Let a(i) be the third derivative of -1/60*i**5 + 13*i**2 + 1/3*i**4 + 4/3*i**3 + 0*i + 0. What is the units digit of a(8)?
8
Let d(u) = 112*u**2 + 87*u + 48. What is the hundreds digit of d(-9)?
3
Let h(f) = 36*f - 2. Let l be h(1). Suppose 24 = 2*c + 4*u, u - l = -2*c + 2*u. Suppose 5*x - 40 = 2*n, c = 2*x + 4*n - 24. What is the tens digit of x?
1
Let j be 2/(((-12)/4)/(-57)). Suppose 4*m - 50 = -j. Let q(g) = 3*g**3 - g**2 + 4*g + 7. What is the units digit of q(m)?
1
Suppose -5*b - 17861 = 9*b - 744125. What is the units digit of b?
6
What is the hundreds digit of (-7161548)/(-1257)*(4/(-14) + 25/14)?
5
Let n be 0 - ((-160050)/70 - 8/14). Suppose -2*w + 4*a + 661 = -1625, 2*w = 3*a + n. What is the thousands digit of w?
1
Suppose 6*t + 10787 = 13*t. Suppose -t + 203 = -3*g. What is the tens digit of g?
4
Let n(k) = 126*k - 29. Let j be n(18). Suppose -21*h + 2003 + j = 0. What is the units digit of h?
2
Let m(l) = 11*l**2 + 6*l + 10*l**2 + 6*l**2 - 26*l**2 + 12. Let u be m(-4). Suppose 0*g - 3*i + 337 = u*g, -5*i = -5*g + 430. What is the units digit of g?
5
Suppose 0 = -96*l - 11716 + 54148. What is the tens digit of l?
4
Suppose 5*d - d + 100 = 0. Let k = -227 - -237. What is the tens digit of (32/k)/((-1)/(d + 0))?
8
Suppose -728535 = -57*b + 223650. What is the hundreds digit of b?
7
Let j = 176 - -154. Suppose 0*a = 6*a - j. What is the tens digit of a?
5
Let o = -3118 - -6848. What is the hundreds digit of o?
7
Let y(p) = 15409*p**2 - 8*p - 43. What is the units digit of y(-2)?
9
Let d be 32/24 + (-1672)/(-6). Let i = 76 + d. What is the tens digit of i?
5
Suppose -20*v = -6*v + 56. Let x be (-1)/((-73)/(-18) + v). Let t = x - -45. What is the units digit of t?
7
Let t(c) = 24*c**2 + c + 1. Let h be t(-1). Let p be (45/(-5))/3 + h. What is the tens digit of 1974/49 + (-6)/p?
4
Let p(n) = 119*n - 461. What is the thousands digit of p(23)?
2
Suppose -210384 = -53*h + 29*h. What is the units digit of h?
6
Suppose 0 = -7*w - 4*w + 22. What is the hundreds digit of w + (-2180)/((-10)/2)?
4
Suppose -5*n = -18*x + 13*x - 20, 2*n + 2*x = 0. What is the units digit of 1/(-6) + (-19804)/(-24) + n?
7
Suppose 5*a - 4 = -19. Let p(u) = 36*u. Let c(z) = 4. Let b(o) = -2*c(o) - p(o). What is the hundreds digit of b(a)?
1
Let l = -37645 - -82558. What is the tens digit of l?
1
What is the thousands digit of (-1200)/(-480) + 8102/4?
2
Suppose m - 35395 = -3*i, -4*i + 47208 = -1023*m + 1028*m. What is the ten thousands digit of i?
1
Let o(w) = 2*w**3 - 2*w**2 + w - 3. Let g be o(2). Suppose -g*f + 2738 = 645. Suppose -360 = -4*t + 3*q, -4*t - 5*q + f = -t. What is the tens digit of t?
9
Let p = 330 + -328. Suppose -3*n - 867 = -p*h, h - 4*n - 616 = -190. What is the units digit of h?
8
Suppose -45711 - 454104 = -145*g. What is the units digit of g?
7
Let a(i) = i**3 - 2*i. Let u(q) = -4*q**3 + 8*q**2 + 12*q + 53. Let y(c) = 3*a(c) + u(c). What is the tens digit of y(9)?
2
Let w = -33959 - -54708. What is the units digit of w?
9
Suppose -14 - 2 = -4*p. Suppose -p*g = -5*y - 54, 2*g + 7 = 3*g + 2*y. Let x = g + 14. What is the tens digit of x?
2
Let t be (-2)/(-9) - (-408)/108. Suppose t*b - 180 = l, -3*l + 32 = 3*b - 2*b. Let j = 47 - b. What is the units digit of j?
3
Let c be 11 + -1 - (0 + 2). Let m(s) = -8*s + 0 - c - 7 - 8. What is the tens digit of m(-11)?
6
Let n = -1884 + 3455. What is the tens digit of n?
7
Let q = 202 + 2085. What is the units digit of q?
7
Suppose -62731 = 5*r + z - 553895, -5*z - 294704 = -3*r. What is the thousands digit of r?
8
Suppose 126 + 63 = -b. Let u be ((-2)/6)/(3/b). What is the units digit of 363/u - (-6)/(-21)?
7
Let u = 1222 + 4555. What is the hundreds digit of u?
7
Suppose 4*k + 37 = d, -2*d + 3 = -k - 3*d. Let c be k/12*978/(-4). Suppose -181 = -2*v + c. What is the tens digit of v?
7
Suppose a = -253 + 794. Let o = a + -230. What is the tens digit of o?
1
Let n(j) = 11*j - 38*j - 2*j - 18. Let m(t) = 15*t + 9. Let y(r) = -7*m(r) - 4*n(r). What is the tens digit of y(5)?
6
Suppose 0 = 22*c - 27*c - 5*d - 15, 0 = 2*c + 5*d + 21. Suppose -3*r - 13*s + 8*s = -330, 531 = 5*r + c*s. What is the units digit of r?
5
Let k(u) = 8120*u**3 - 2*u**2 + 32*u - 28. What is the thousands digit of k(2)?
4
Let v(w) be the first derivative of w**3/3 - 6*w**2 - 53*w + 268. What is the thousands digit of v(39)?
1
Let q(c) = 11435*c - 3847. What is the hundreds digit of q(6)?
7
Suppose -3*x - 10*v + 8*v + 36038 = 0, 3*x = -v + 36031. What is the hundreds digit of x?
0
Let n(r) = -2*r**2 - 14*r. Let u be n(-7). Suppose -5*i - 420 + 1170 = u. Suppose -q = 2*q - i. What is the units digit of q?
0
What is the thousands digit of (9 - 44)*(-409596)/290?
9
Suppose -43*m - 127061 = -367483 - 125551. What is the hundreds digit of m?
5
Let k(r) be the first derivative of -r**4/4 + 14*r**3/3 + 10*r**2 + 17*r + 3. Let o be (13 - -7)/(-5) + 19. What is the units digit of k(o)?
2
Let r = -476 + 449. What is the tens digit of ((-6)/4)/(r/486)?
2
Suppose 53*v + 17185 - 487459 = 927336. What is the hundreds digit of v?
3
Let z be (-1 + -64 + -1)*(-440)/(-30). Let r = z - -1470. What is the units digit of r?
2
Let t(d) = 10*d**3 + 10*d**2 - 23*d + 64. What is the units digit of t(13)?
5
What is the hundreds digit of -31987*(-2)/12 - (-80)/96?
3
Let o be 24/(-156) - (134/(-26) - 0). Let y be ((-8)/(-10))/((-2)/o) - -4. Suppose 4*j + h = 716, 3*j - y*h - 537 = -3*h. What is the hundreds digit of j?
1
Let w be ((-212)/8)/((-3)/42). Let n = w + 135. What is the tens digit of n?
0
Let x(j) = -j**3 - 3*j**2 + 4*j - 1. Let l be (-1)/(1*(-2 - (-10)/4)). Let u be 5/(-1) - (0/1)/l. What is the tens digit of x(u)?
2
Let u(g) be the first derivative of -g**3/3 - 18*g**2 - 59*g + 50. What is the units digit of u(-30)?
1
Let t(a) = 57*a - 45. Let c be t(8). Suppose 0 = -3*w - 81 + c. What is the hundreds digit of w?
1
Let s = 12003 + -8863. What is the thousands digit of s?
3
Suppose 2*r = 306 - 282. What is the thousan